 3*q**2 + 7*q. Let z = -21 + 39. Let f = z - 11. Calculate u(f).
-3
Let d be 7/(28/16) + -14. Let j be 40/100 + 54/d. Let h(c) be the third derivative of c**6/120 + c**5/10 + c**4/4 + 3*c**2. What is h(j)?
-5
Let h(c) = -c**3 - 11*c**2 + 16*c + 45. Let r(v) = -7*v**2 - 73*v - 12. Let n be r(0). Calculate h(n).
-3
Let i(o) = o + 5. Let l(w) = -2*w**3 - 11*w**2 + 6*w + 3. Let t(a) = a. Let u be t(-6). Let d be l(u). Suppose d*f = -f - 28. Calculate i(f).
-2
Suppose 792 = -152*q + 164*q. Suppose -9*k - q = -20*k. Let f(d) = 3*d - 11. Give f(k).
7
Let u(f) = -3*f**2 - 2*f - 1. Suppose -16*l = -3*l + 12*l + 75. What is u(l)?
-22
Let m(d) = -8*d**2 + 12*d - 1. Let j(x) be the first derivative of 2*x**3/3 - x**2/2 + x - 117. Let f(o) = -5*j(o) - m(o). What is f(-4)?
-8
Let l(n) = -43*n + 0*n**3 - 32*n + 3*n**2 - 34*n + 101*n - n**3 - 7. What is l(0)?
-7
Let x(n) = n**2 + 46*n + 2. Let t be x(0). Let p(h) = 8*h - 6. Calculate p(t).
10
Let v(s) = 2*s + 20. Suppose -276*w + 281*w = -45. Let q be v(w). Let g(l) = l + 6. Determine g(q).
8
Let k(d) = d**3 - 5*d**2 + 4*d - 4. Let c be (-34)/(-9) + (-4)/(-18). Suppose -3*y + 13 = w, 0*w + c*w = 2*y + 10. Determine k(w).
-4
Let t = -13 - -56. Suppose -t = -11*y + 177. Suppose -47 = -y*m + 73. Let d(u) = 2*u**2 - 8*u - 6. Give d(m).
18
Let r be (34/5)/(41/205). Let a(w) = -125*w + 31*w + 37*w - 15 + r*w - w**2. What is a(-22)?
7
Let c(o) = -27*o**2 + 10 + 28*o**2 - 15*o + 0*o**2 + 13. Give c(11).
-21
Suppose 6*m = -4*m - 900. Let o = 94 + m. Suppose -d - 5 = k + o, 4*d + 42 = -5*k. Let p(n) = 3*n + 8. Determine p(k).
-10
Let a(z) be the first derivative of 14/3*z**3 - 9*z + 1/4*z**4 - 8*z**2 + 61. Determine a(-15).
6
Let d(c) = 1390 - 9*c - 18*c + 2*c**2 - 1416 - 3*c**2. Give d(-26).
0
Let s(d) = 2*d**2 - 2. Let m(y) = 3*y**2 - 1. Let h(t) = -3*m(t) + 4*s(t). Let l(i) = 4*i**2 + 3*i**3 + 16*i + 22*i**2 - 2 + 6. Let v be l(-8). Calculate h(v).
-21
Let w(r) be the second derivative of -11*r**3/2 - r**2/2 - 22*r + 1. Let h = -324 + 325. Determine w(h).
-34
Let q(z) = -73*z - 381. Let f be q(-6). Let d be (-26)/(-6) - 19/f - -2. Let x(a) = -a**3 + 4*a**2 + 14*a + 5. Determine x(d).
17
Let h(l) be the second derivative of 0 - l**2 - 2/3*l**3 + 28*l. What is h(2)?
-10
Let n = 9717 - 9725. Let l(b) be the first derivative of b**3/3 + 4*b**2 - 2*b - 5. Calculate l(n).
-2
Suppose 0 = 4*u - a + 24, 0 = -2*u + 5*u + a + 18. Let j be (18/15)/(u/(-10)). Let b(o) = o + 3. What is b(j)?
5
Let v(j) be the first derivative of -j**4/12 - 2*j**3 + 4*j**2 + 119*j + 36. Let f(c) be the first derivative of v(c). What is f(-10)?
28
Suppose -9*x = 7*x - 865 + 417. Let k(p) = 2*p**3 - 55*p**2 - 32*p + 117. Calculate k(x).
5
Let k(f) = -4*f**3 - f**2 + f - 1. Suppose -8 = -a - 3*x + 6, -8*a + 2*x + 8 = 0. Calculate k(a).
-35
Let j(z) = 29*z + 109*z - 96*z + 4*z - 178. Calculate j(4).
6
Suppose -2*v = -3*i + 4, -4*i = -2*v + 3*v - 20. Suppose -q + 5 = -a, 0*a + 10 = -2*a. Let k(x) = q*x**2 - 111*x + 109*x - x**2 + 6. What is k(v)?
-18
Suppose -48*y + 30 = -43*y. Suppose 7*i - 2 = y*i. Let w(c) = 4*c**2 - 2*c**2 - 2*c**2 + 1 - i*c + 11*c**3. Calculate w(1).
10
Let b(r) be the third derivative of r**5/60 - r**4/3 + 4*r**3/3 + r**2. Let k = 1561 - 2324. Let w = 770 + k. Determine b(w).
1
Let c(n) = -4*n - 33. Let g(b) = 9*b + 89. Let w be g(-11). Give c(w).
7
Let z(x) = -8*x - 1 + 3*x - x. Let n(j) = j**2 + 33*j + 185. Let q be n(-7). Calculate z(q).
-19
Let b be (4 + -1)/((-6)/8). Let k(y) = 2*y - 4600. Let p(h) = 6*h - 13032. Let c(m) = 17*k(m) - 6*p(m). Calculate c(b).
0
Suppose 91*a + 157 = -1481. Let d(q) = 10*q + 174. Give d(a).
-6
Let w(g) = 3*g + 3. Suppose -2186*z = -2202*z + 16. Calculate w(z).
6
Let s = -812 + 816. Let b(r) = 1 - 3*r**2 - 4 - 1249*r**3 + s + 1250*r**3. Let w = 0 - -4. Give b(w).
17
Let n(w) be the second derivative of -w**5/20 + w**4/2 + 3*w**3/2 + 28*w**2 - w + 45. What is n(8)?
0
Let l(y) = -7*y + 4*y + 7*y + 4. Let t(a) = -a - 1. Let i(j) = l(j) + 5*t(j). Let w = 38 - 40. What is i(w)?
1
Suppose 0 = -4*z + 2*c + 4, -z - 2*c = -0*z - 11. Let x(y) = -19*y + 1. Calculate x(z).
-56
Let n(m) = -2*m**3 + 4*m**2 - 2*m + 1. Let r(p) = 2*p**3 + 16*p**2 + 6. Let k be r(-8). Suppose 9 + k = 5*f. What is n(f)?
-23
Let q(s) be the third derivative of s**4/2 - s**3/3 + 504*s**2. Let c be (-2)/(-8) - 15/12. Calculate q(c).
-14
Let a(t) = 6*t**2 + t + 2. Let l(v) = 5*v**2 + 2*v + 1. Let p(y) = -2*a(y) + 3*l(y). Let b be (-294)/(-686)*(-28)/6. Give p(b).
3
Let a(y) = 2*y**2 + 14*y + 12. Let p(n) = 2*n**3 + 12*n**2 + 5*n + 25. Let k be p(-6). Give a(k).
-8
Suppose -5*n = 4*q - 313, 2*n - 2*q = -n + 179. Suppose -u = 67 - n. Let w(c) = c**2 + 2 + c**3 + 4*c**2 + 2 - 5*c + 0. Give w(u).
-2
Let k(i) = i**2 + 2*i + 1. Let p(s) = -s**3 - 14*s**2 + 15*s - 2. Let u(q) = 9*q + 17. Let r be u(-8). Let z = -70 - r. Let m be p(z). Give k(m).
1
Suppose 3*j - 12 = 5*y + 4, 2*j - 6 = y. Let m(t) be the first derivative of t**4/4 - t**3/3 - 3*t**2/2 + 2*t - 24. What is m(y)?
-4
Let u(w) be the second derivative of w**4/12 + 7*w**3/6 - 5*w**2/2 + 2*w. Let j be (((-249)/48 + 5)*12)/(21/56). What is u(j)?
-11
Suppose -5*w + 94 - 19 = 0. Suppose 0 = -17*p + 20*p - w. Let n(j) = 1 - 8*j + 9 - 1 + j**2 - 3. Determine n(p).
-9
Let y(d) be the third derivative of d**4/3 + 79*d**3/6 + 32*d**2 - 41*d. What is y(-23)?
-105
Let d = -157 - -159. Let w(q) = -12*q - 3*q - 8*q - 12 + q**d + 16*q. Give w(9).
6
Let c(r) = 3 + 34*r**3 - 33*r**3 + 2*r**2 + 6177*r - 6175*r. Let z be 24/(-15) - 4/10. Calculate c(z).
-1
Let z(j) = -24*j + 50. Let p be z(2). Let g(n) = -n**2 + 5*n + 2. Let y = 22 - 19. Let s(r) = -2*r - 1. Let x(h) = y*g(h) + 7*s(h). Give x(p).
-11
Let c(a) = -a**2 - 15*a + 14. Let p be c(-15). Suppose 112 = 18*g - p*g. Suppose 5*h + 7 = -g. Let x(j) = -j - 2. Calculate x(h).
5
Let m(x) be the first derivative of -x**4/4 - 4*x**3 - x**2 - 6*x + 551. Calculate m(-12).
18
Let i(p) = -19*p + 7. Let d(w) = -4*w + 1. Let x(n) = -5*d(n) + i(n). Let s be 1 + -6*4/(-6). Determine x(s).
7
Let j(a) be the first derivative of 4*a**3 - a**2/2 - 4*a - 1191. Determine j(2).
42
Let a(z) = z**3 - 4*z**2 - 5*z + 2. Let u(t) = -306*t + 43 - 4 - 4 + 304*t. Let l be u(16). What is a(l)?
-22
Let p(a) = 3*a**2 - 18*a + 20. Let c be p(5). Let s(x) = 3*x**2 - 17*x - 12. Let j(h) = 4*h**2 - 18*h - 12. Let f(t) = c*s(t) - 4*j(t). Determine f(-12).
0
Let o(p) = -12*p**3 + 58*p**2 + 13*p - 1. Let g(r) = -6*r**3 + 29*r**2 + 7*r - 2. Let j(f) = -5*g(f) + 3*o(f). Determine j(5).
2
Let w(q) = -536*q**2 + 4*q + 267*q**2 - 31*q**3 + 1 + 2*q**3 + 271*q**2 - 2*q. Calculate w(-1).
30
Let g = 28 - 26. Let x(i) = -i**g + 2*i - 4 + 11 - 8. Suppose 11*t + 12*t - 46 = 0. Give x(t).
-1
Let b(p) be the second derivative of -p**4/6 - 5*p**3/6 - 2*p**2 + p. Let o be (-8)/10*(-91)/(-26)*-30. Suppose o = -y + 80. Give b(y).
-16
Let p(b) = 4*b + 1. Let n = -52 - -57. Let s be (n - 9/3)/(-2). Give p(s).
-3
Suppose -3*x = -3*k - 12, -5 = 4*k + 5*x + 11. Suppose -4 = 4*m - 12. Let a(g) = 169 + 2*g**m - 3*g**2 - 6*g - 173. Determine a(k).
4
Suppose 5*i - 7 = -12. Let g(v) = -4*v + 4. Let j(a) = -a + 1. Suppose 3*q + o + 2*o - 12 = 0, -5*q + 4*o = -2. Let d(s) = q*g(s) - 9*j(s). Determine d(i).
-2
Let l be (-26 - (-73 + -23)/12) + 20. Let j(k) = k**2 - 3 - 2*k**2 - 2*k**2 + 3*k. Determine j(l).
-9
Let l(k) = -k + 3. Suppose 4*g - 5*q - 467 + 1337 = 0, g + 4*q = -207. Let c = g - -222. What is l(c)?
-4
Let m(h) = -2*h**2 + 7*h - 13. Suppose 75 = 36*o - 21*o. Calculate m(o).
-28
Let u(t) = -t - 41. Let x be u(-43). Let l(d) = x*d**2 + 0*d - 3*d**2 - 10 + 4*d + 4*d. Determine l(7).
-3
Suppose 0*j = -4*j + 424. Let l be (531 - 25)*(-1)/2. Let v be 46/l - 3/(66/j). Let k(a) = -a**2 - 6*a + 1. Give k(v).
6
Suppose 13*l + 486 = -73. Let q = 47 + l. Let o(s) = 3*s**2 - 2*s**2 - 4 - 4*s - 5*s + 7*s. Determine o(q).
4
Let c(a) be the second derivative of -a**5/20 + 19*a**4/12 - 17*a**3/6 - 17*a**2/2 - 385*a + 1. Calculate c(18).
1
Let s(g) = g**3 - 17*g**2 - 12*g + 4. Let b(r) = -4*r**3 + 61*r**2 + 48*r - 14. Let f(k) = 4*b(k) + 15*s(k). Calculate f(-12).
4
Let y = -49 - -53. Suppose 3*f + v + 22 = 0, 2*f + 6 = 4*v - y. Let u(t) = -t**2 - 8*t + 7. Calculate u(f).
14
Suppose 3 = -5*k - 2. Let r(z) be the fi